What is the tens digit of 1020?
2
What is the units digit of 1598?
8
What is the tens digit of 112671?
7
What is the hundreds digit of 22693?
6
What is the thousands digit of 40442?
0
What is the tens digit of 11639?
3
What is the hundred thousands digit of 113808?
1
What is the hundreds digit of 528?
5
What is the ten thousands digit of 84099?
8
What is the hundreds digit of 763?
7
What is the tens digit of 1008?
0
What is the hundreds digit of 189?
1
What is the hundreds digit of 340?
3
What is the tens digit of 27124?
2
What is the units digit of 1525?
5
What is the thousands digit of 8646?
8
What is the tens digit of 32195?
9
What is the tens digit of 6391?
9
What is the units digit of 2051?
1
What is the units digit of 1759?
9
What is the units digit of 650?
0
What is the tens digit of 19285?
8
What is the hundreds digit of 55545?
5
What is the thousands digit of 87786?
7
What is the units digit of 202?
2
What is the units digit of 35655?
5
What is the units digit of 7682?
2
What is the units digit of 9608?
8
What is the tens digit of 2526?
2
What is the hundred thousands digit of 141166?
1
What is the hundreds digit of 747?
7
What is the ten thousands digit of 87869?
8
What is the units digit of 22201?
1
What is the thousands digit of 1550?
1
What is the tens digit of 374?
7
What is the tens digit of 171?
7
What is the units digit of 539?
9
What is the thousands digit of 6972?
6
What is the tens digit of 2381?
8
What is the hundred thousands digit of 134383?
1
What is the units digit of 10934?
4
What is the thousands digit of 44412?
4
What is the units digit of 6726?
6
What is the hundreds digit of 80157?
1
What is the units digit of 2372?
2
What is the units digit of 8994?
4
What is the units digit of 34081?
1
What is the thousands digit of 2496?
2
What is the hundreds digit of 74868?
8
What is the units digit of 4844?
4
What is the hundreds digit of 707?
7
What is the hundreds digit of 32985?
9
What is the thousands digit of 1365?
1
What is the tens digit of 1927?
2
What is the tens digit of 27064?
6
What is the units digit of 1333?
3
What is the units digit of 21279?
9
What is the tens digit of 3140?
4
What is the units digit of 1222?
2
What is the tens digit of 989?
8
What is the thousands digit of 3929?
3
What is the tens digit of 2125?
2
What is the tens digit of 6856?
5
What is the thousands digit of 83209?
3
What is the hundreds digit of 1795?
7
What is the thousands digit of 1720?
1
What is the thousands digit of 125168?
5
What is the hundred thousands digit of 117684?
1
What is the units digit of 457?
7
What is the hundreds digit of 867?
8
What is the hundreds digit of 2356?
3
What is the tens digit of 26762?
6
What is the tens digit of 245?
4
What is the tens digit of 15353?
5
What is the tens digit of 2647?
4
What is the tens digit of 1522?
2
What is the hundreds digit of 1192?
1
What is the ten thousands digit of 23641?
2
What is the tens digit of 1073?
7
What is the hundreds digit of 13210?
2
What is the tens digit of 91678?
7
What is the units digit of 745?
5
What is the hundreds digit of 2448?
4
What is the hundreds digit of 23749?
7
What is the thousands digit of 19026?
9
What is the thousands digit of 27352?
7
What is the hundreds digit of 12479?
4
What is the units digit of 6793?
3
What is the units digit of 1186?
6
What is the tens digit of 100588?
8
What is the thousands digit of 1805?
1
What is the tens digit of 2657?
5
What is the units digit of 2810?
0
What is the thousands digit of 1008?
1
What is the thousands digit of 2159?
2
What is the hundreds digit of 1165?
1
What is the ten thousands digit of 63714?
6
What is the tens digit of 1210?
1
What is the thousands digit of 88117?
8
What is the tens digit of 1859?
5
What is the tens digit of 2557?
5
What is the units digit of 515?
5
What is the tens digit of 20950?
5
What is the units digit of 759?
9
What is the hundreds digit of 1815?
8
What is the tens digit of 352?
5
What is the ten thousands digit of 39640?
3
What is the thousands digit of 2839?
2
What is the units digit of 1443?
3
What is the thousands digit of 34939?
4
What is the tens digit of 23315?
1
What is the units digit of 4625?
5
What is the tens digit of 11438?
3
What is the units digit of 7762?
2
What is the units digit of 1024?
4
What is the tens digit of 6516?
1
What is the tens digit of 1436?
3
What is the hundreds digit of 979?
9
What is the units digit of 1053?
3
What is the tens digit of 387?
8
What is the units digit of 1235?
5
What is the hundreds digit of 20993?
9
What is the tens digit of 1508?
0
What is the units digit of 34569?
9
What is the hundreds digit of 121?
1
What is the units digit of 1864?
4
What is the hundreds digit of 5199?
1
What is the hundreds digit of 14222?
2
What is the thousands digit of 15347?
5
What is the units digit of 816?
6
What is the thousands digit of 1872?
1
What is the hundreds digit of 155?
1
What is the hundreds digit of 10824?
8
What is the thousands digit of 1258?
1
What is the thousands digit of 120210?
0
What is the hundreds digit of 242?
2
What is the tens digit of 7417?
1
What is the units digit of 23?
3
What is the thousands digit of 39975?
9
What is the ten thousands digit of 73284?
7
What is the units digit of 7332?
2
What is the hundreds digit of 16378?
3
What is the ten thousands digit of 27955?
2
What is the hundreds digit of 68710?
7
What is the tens digit of 831?
3
What is the ten thousands digit of 20409?
2
What is the ten thousands digit of 21888?
2
What is the hundreds digit of 2851?
8
What is the units digit of 16756?
6
What is the hundreds digit of 741?
7
What is the tens digit of 2206?
0
What is the thousands digit of 7141?
7
What is the tens digit of 9790?
9
What is the units digit of 2408?
8
What is the tens digit of 501?
0
What is the hundreds digit of 29046?
0
What is the tens digit of 17702?
0
What is the tens digit of 6602?
0
What is the hundreds digit of 129980?
9
What is the units digit of 1983?
3
What is the hundreds digit of 43604?
6
What is the ten thousands digit of 84190?
8
What is the units digit of 2017?
7
What is the hundreds digit of 13786?
7
What is the thousands digit of 32925?
2
What is the thousands digit of 104528?
4
What is the tens digit of 152?
5
What is the tens digit of 10092?
9
What is the thousands digit of 77298?
7
What is the thousands digit of 7325?
7
What is the units digit of 3002?
2
What is the ten thousands digit of 12480?
1
What is the units digit of 10956?
6
What is the units digit of 6482?
2
What is the thousands digit of 6196?
6
What is the units digit of 955?
5
What is the tens digit of 5438?
3
What is the units digit of 69065?
5
What is the hundreds digit of 1044?
0
What is the tens digit of 8439?
3
What is the hundreds digit of 4605?
6
What is the ten thousands digit of 21042?
2
What is the tens digit of 5534?
3
What is the tens digit of 3674?
7
What is the units digit of 987?
7
What is the thousands digit of 5780?
5
What is the tens digit of 275?
7
What is the tens digit of 6626?
2
What is the thousands digit of 3203?
3
What is the tens digit of 6821?
2
What is the tens digit of 608?
0
What is the hundreds digit of 1881?
8
What is the ten thousands digit of 131189?
3
What is the tens digit of 6382?
8
What is the units digit of 4574?
4
What is the units digit of 10904?
4
What is the units digit of 7379?
9
What is the tens digit of 47495?
9
What is the tens digit of 67029?
2
What is the hundreds digit of 26743?
7
What is the units digit of 1824?
4
What is the hundreds digit of 42537?
5
What is the units digit of 3998?
8
What is the hundreds digit of 1037?
0
What is the hundreds digit of 11198?
1
What is the thousands digit of 26269?
6
What is the hundreds digit of 9597?
5
What is the units digit of 46?
6
What is the hundreds digit of 59314?
3
What is the tens digit of 16505?
0
What is the units digit of 103216?
6
What is the ten thousands digit of 12514?
1
What is the tens digit of 25071?
7
What is the units digit of 836?
6
What is the hundreds digit of 2051?
0
What is the units digit of 4155?
5
What is the units digit of 608?
8
What is the units digit of 3919?
9
What is the units digit of 2041?
1
What is the thousands digit of 4971?
4
What is the tens digit of 8551?
5
What is the units dig